b + 3741. Calculate x(-8).
37
Let l(j) = -3*j**2 - 56*j + 577. What is l(10)?
-283
Let f(s) = -s**2 - 156*s - 936. What is f(-6)?
-36
Let c(y) = 616*y + 6783. Give c(-11).
7
Let p(u) = -5*u**2 - 37*u - 36. Determine p(-1).
-4
Let f(x) = 965*x + 72376. Calculate f(-75).
1
Let v(o) = -3*o**3 - 150*o**2 + 144*o - 389. What is v(-51)?
70
Let s(r) = 65*r + 3244. Determine s(-50).
-6
Let w(z) = 1471*z + 13244. Give w(-9).
5
Let y(s) = -2*s**3 - 6*s**2 - 3*s + 11. Give y(-3).
20
Let z(h) = h**3 + 55*h**2 - 3*h - 159. Determine z(-55).
6
Let s(c) = c**2 + 22*c - 134. Calculate s(5).
1
Let t(a) = a**3 - 15*a**2 - 71*a - 128. Give t(19).
-33
Let r(p) = -42*p + 265. Give r(9).
-113
Let s(c) = 51*c + 17. Calculate s(-5).
-238
Let x(u) = u**2 + 51*u + 344. What is x(-8)?
0
Let b(i) = 4*i**3 + 106*i**2 - 47*i + 151. What is b(-27)?
-38
Let s(b) = -17*b - 307. Calculate s(-18).
-1
Let b(w) = -w**2 - 146*w + 760. Determine b(5).
5
Let n(a) = -2*a**2 + 25*a + 5. Give n(18).
-193
Let q(j) = j**2 - 62*j + 62. Determine q(59).
-115
Let t(m) = -m**3 - 7*m**2 - 85*m - 601. Calculate t(-7).
-6
Let n(u) = -19*u**2 - 1598*u - 190. Give n(-84).
-22
Let y(n) = n**2 + 45*n + 71. Give y(-22).
-435
Let s(u) = u**3 - 24*u**2 + 49*u - 610. What is s(23)?
-12
Let p(k) = -k**2 - 30*k - 218. Determine p(-15).
7
Let b(t) = -74*t**2 - 2*t - 4. Give b(-1).
-76
Let n(b) = 721*b - 3628. Determine n(5).
-23
Let c(w) = -w**2 - 2*w + 4. What is c(2)?
-4
Let q(w) = -w**2 - 2*w + 16. Calculate q(5).
-19
Let t(y) = -15*y**3 - y + 1. What is t(1)?
-15
Let q(v) = 182*v - 4231. Determine q(23).
-45
Let k(a) = a**3 + 22*a**2 + 48*a - 72. What is k(-4)?
24
Let f(v) = -255*v - 3066. What is f(-12)?
-6
Let d(f) = -2*f**3 + 13*f**2 - 6*f + 35. Calculate d(7).
-56
Let u(l) = -8*l**3 - 40*l**2 - 337*l - 1678. Determine u(-5).
7
Let s(r) = 470*r - 47468. Calculate s(101).
2
Let g(r) = 2*r**3 - 4*r**2 - 27*r + 6. Determine g(-3).
-3
Let z(m) = 25*m - 1997. Calculate z(80).
3
Let k(s) = -9*s + 58. Determine k(10).
-32
Let s(o) = -o**3 - 11*o**2 + 36*o - 52. Give s(-12).
-340
Let c(o) = o**3 + 25*o**2 + 68*o + 12. Give c(-3).
6
Let c(x) = -2*x**3 + 49*x**2 - 27*x + 67. Calculate c(24).
-5
Let w(m) = m**3 + 2*m**2 - 11*m - 35. What is w(-4)?
-23
Let h(z) = 174*z + 3. Give h(0).
3
Let r(x) = 62*x - 339. Calculate r(6).
33
Let m(p) = 73*p**3 - 2*p**2 + 18*p + 19. What is m(-1)?
-74
Let i(j) = -2*j**3 + 122*j**2 + 273*j - 1317. What is i(63)?
6
Let z(d) = -70*d + 585. Determine z(10).
-115
Let p(z) = 180*z + 920. What is p(-5)?
20
Let t(p) = -p**2 + 91*p + 617. Give t(-7).
-69
Let o(w) = 6*w**2 + 66*w - 81. What is o(-12)?
-9
Let q(i) = 13*i**2 + 7*i - 5. What is q(-1)?
1
Let c(a) = 31*a - 2466. What is c(73)?
-203
Let d(f) = f**3 - 122*f**2 + 249*f - 1082. Give d(120).
-2
Let f(b) = 432*b + 9515. What is f(-22)?
11
Let d(s) = -23*s + 487. Calculate d(22).
-19
Let c(h) = h**3 - 48*h**2 - 105*h + 245. Determine c(50).
-5
Let y(d) = 682*d**2 + 2*d + 57. Calculate y(0).
57
Let u(g) = -g**3 - 25*g**2 - 9*g - 230. Give u(-25).
-5
Let m(k) = 3*k**3 - 22*k**2 + k - 139. Give m(8).
-3
Let l(a) = 2*a**2 - 44*a + 41. What is l(17)?
-129
Let j(n) = -22*n - 213. Give j(-12).
51
Let n(f) = 1041*f + 11439. Determine n(-11).
-12
Let n(a) = 182*a**2 + 4*a + 2. Determine n(-1).
180
Let v(r) = -r**3 - 40*r**2 + 50*r + 373. Determine v(-41).
4
Let c(u) = 3*u**2 + 242*u + 4475. What is c(-52)?
3
Let t(y) = 1090*y + 3352. Determine t(-3).
82
Let k(j) = -j**3 + 29*j**2 + 29*j + 2143. What is k(32)?
-1
Let p(c) = -c**2 - 6*c + 102. Determine p(-14).
-10
Let m(n) = -13*n**3 - 49*n**2 - 8*n - 82. Give m(-4).
-2
Let i(m) = 2*m**3 + 5*m**2 + 73*m + 209. What is i(-3)?
-19
Let v(h) = 224*h + 4928. Calculate v(-22).
0
Let y(b) = -b**2 - 9*b + 64. Calculate y(6).
-26
Let y(i) = -23*i + 2. Give y(-20).
462
Let j(r) = r**2 + 3602*r - 1. Determine j(0).
-1
Let w(p) = -25*p**2 - 904*p - 149. Give w(-36).
-5
Let s(d) = -15*d + 328. Calculate s(22).
-2
Let j(z) = -z**3 - 38*z**2 + 58*z - 871. Determine j(-40).
9
Let w(i) = -18*i - 231. Calculate w(13).
-465
Let y(p) = p**2 + 57*p + 430. Determine y(-13).
-142
Let o(a) = 12*a**2 - 203*a + 18. Determine o(15).
-327
Let j(x) = -x**3 - 24*x**2 + 49*x - 857. Determine j(-27).
7
Let m(x) = -149*x + 3738. What is m(25)?
13
Let v(h) = h**2 - 677*h - 3371. Give v(-5).
39
Let l(k) = 2*k**3 - 76*k**2 + 137*k + 246. Determine l(36).
-6
Let r(d) = d**2 + 8*d - 17. Calculate r(-10).
3
Let d(i) = -i**3 - 15*i**2 - 57*i + 18. Calculate d(-8).
26
Let m(f) = f**3 + 16*f**2 + 63*f + 44. Give m(-9).
44
Let i(j) = -639*j - 9584. What is i(-15)?
1
Let k(d) = 4*d**3 + 7*d**2 - 7*d - 10. What is k(-4)?
-126
Let v(t) = 12*t - 398. Give v(33).
-2
Let o(s) = -116*s + 1214. Determine o(11).
-62
Let f(a) = -92*a + 38. Calculate f(-2).
222
Let j(b) = -b**3 + 30*b**2 - 46*b + 22. Calculate j(28).
302
Let g(b) = b**3 + 95*b**2 + 1691*b - 914. Calculate g(-71).
9
Let b(v) = -v**3 + 27*v**2 + 28*v - 36. Calculate b(28).
-36
Let p(u) = -410*u + 419. Determine p(1).
9
Let x(o) = 10*o**2 + 21*o + 64. Give x(-3).
91
Let f(w) = -6*w + 5. Give f(-6).
41
Let h(i) = i**2 + 27*i + 156. Determine h(-8).
4
Let s(w) = 27*w**3 - 2*w + 1. Calculate s(1).
26
Let i(x) = x**2 + 7*x - 235. What is i(-19)?
-7
Let q(c) = c**3 + 4*c**2 - 25*c - 138. What is q(-6)?
-60
Let d(h) = 7*h**2 + 38*h + 75. Calculate d(-3).
24
Let a(i) = -2*i + 22. What is a(14)?
-6
Let o(n) = 13*n**2 - 1758*n + 459. Determine o(135).
54
Let l(r) = r**3 - 20*r**2 - 7*r + 6. Calculate l(-1).
-8
Let f(a) = 7*a**2 - 964*a - 1278. Calculate f(139).
-27
Let r(a) = -33*a - 232. Determine r(-7).
-1
Let c(f) = -6*f**2 - 104. Give c(-3).
-158
Let r(i) = 400*i - 4512. Give r(11).
-112
Let w(l) = -82*l - 6618. What is w(-81)?
24
Let v(y) = -22*y**3 + 14*y**2 - 7*y + 3. What is v(1)?
-12
Let i(m) = 295*m + 425. What is i(-2)?
-165
Let g(c) = 2219*c - 4433. Give g(2).
5
Let k(m) = 932*m + 1865. Give k(-2).
1
Let l(i) = -70*i**2 + 12667*i + 534. Determine l(181).
-9
Let y(d) = -273*d + 2725. Determine y(10).
-5
Let n(m) = 3*m**2 - 12*m - 50. Calculate n(8).
46
Let v(d) = -12*d. Calculate v(-2).
24
Let w(k) = 6*k + 435. Determine w(-25).
285
Let o(r) = 12*r**2 - 13*r - 1059. What is o(10)?
11
Let i(m) = -6*m**2 + 35*m + 14. Calculate i(7).
-35
Let g(m) = -16*m + 456. Calculate g(26).
40
Let z(v) = 3*v**3 + 183*v**2 - 185*v + 62. Give z(-62).
0
Let a(m) = -83*m - 600. What is a(-8)?
64
Let i(b) = -2*b**2 + 28*b + 2083. Give i(40).
3
Let r(a) = -74*a + 1085. Determine r(13).
123
Let p(j) = 6*j**2 - 63*j - 31. What is p(13)?
164
Let z(r) = 25*r + 32. What is z(-3)?
-43
Let r(w) = -146*w - 2. What is r(0)?
-2
Let f(t) = t**3 + 17*t**2 - 19*t - 321. Calculate f(-17).
2
Let p(j) = 146*j + 23. Give p(-2).
-269
Let w(z) = -842*z - 7565. Give w(-9).
13
Let t(i) = i**2 + 559*i - 13998. Give t(24).
-6
Let h(k) = k**3 + 20*k**2 - k + 195. What is h(-21)?
-225
Let i(l) = 151*l + 34. Give i(-2).
-268
Let f(i) = 17*i**2 - 76*i - 1. Determine f(6).
155
Let a(p) = -p**3 + 56*p**2 + 430*p + 686. Give a(63).
-7
Let m(i) = -765*i + 728. What is m(1)?
-37
Let s(i) = 2*i**3 + 24*i**2 + 8*i - 28. Determine s(-11).
126
Let v(f) = -f**2 - 57*f - 162. What is v(-32)?
638
Let a(m) = -46*m - 165. Calculate a(-10).
295
Let j(u) = u**2 + 47*u + 343. Calculate j(-37).
-27
Let m(i) = 5*i - 582. Give m(115).
-7
Let v(p) = 2*p**2 + 62*p - 749. Determine v(10).
71
Let j(n) = -3*n**3 - 56*n**2 - 45*n - 25. Determine j(-18).
137
Let k(f) = -15*f - 436. Give k(-31).
29
Let g(a) = -a**2 + 84*a + 1716. What is g(-17)?
-1
Let k(f) = f**2 + 426*f + 38638. What is k(-131)?
-7
Let c(y) = 134*y - 685. Determine c(5).
-15
Let f(s) = -10*s + 144. Determine f(16).
-16
Let o(k) = -k**3 + 5*k**2 - 58*k + 1. Determine o(8).
-655
Let w(a) = -a**2 + 108*a - 1894. Give w(86).
-2
Let p(f) = -f**2 - 19*f + 22. Give p(-20).
2
Let p(k) = -12*k**3 - 2*k**2 - 7*k + 8. What is p(1)?
-13
Let i(d) = -118*d + 1185. Calculate i(10).
5
Let v(r) = 233*r + 711. Give v(-3).
12
Let o(l) = -l**3 - 91*l**2 + 93*l + 96. Calculate o(-92).
4
Let t(l) = -1248*l + 6249. Give t(5).
9
Let z(q) = q**2 - 81*q + 1406. Give z(56).
6
Let o(h) = 28*h - 199. Calculate o(7).
-3
Let m(d) = -d**3 + 5*d**2 + 22*d - 1. What is m(8)?
-17
Let g(k) = -108*k - 20709. What i